NOAA-Style Climate Reports

Select a Year or Month report
2014: Jan Feb Mar Apr May Jun Jul Aug Sep Oct Nov Dec
2013: Jan Feb Mar Apr May Jun Jul Aug Sep Oct Nov Dec
2012: Jan Feb Mar Apr May Jun Jul Aug Sep Oct Nov Dec
2011: Jan Feb Mar Apr May Jun Jul Aug Sep Oct Nov Dec
2010: Jan Feb Mar Apr May Jun Jul Aug Sep Oct Nov Dec

Report for 2011 March
                  MONTHLY CLIMATOLOGICAL SUMMARY FOR 3/2011
                                        HEAT  COOL        
     MEAN                               DEG   DEG       WIND SPEED       DOM MEAN  MEAN
DAY  TEMP  HIGH   TIME     LOW   TIME   DAYS  DAYS RAIN AVG  HI  TIME    DIR BAROM HUM
---------------------------------------------------------------------------------------
1    39.0  53.3   5:26pm  30.2   6:39am   26    0  0.00   4  15  12:10am  SE 30.29   71
2    42.5  57.3   4:07pm  27.0   7:11am   22    0  0.00   4  16   9:12pm  SE 30.32   63
3    58.1  67.2   3:45pm  45.3   2:02am    7    0  0.00   6  26   1:03pm SSW 30.15   52
4    58.1  67.2   3:45pm  45.3   2:02am    7    0  0.00   6  26   1:03pm SSW 30.15   52
5    50.7  58.1  12:00am  37.4  11:56pm   14    0  1.23   6  21   5:53pm SSW 29.98   85
6    36.6  40.3   4:43pm  34.1   8:25am   28    0  0.01   7  21   8:11am   N 30.14   80
7    37.5  45.1   4:17pm  31.0   7:41am   27    0  0.00   6  14   1:22pm  NE 30.24   69
8    46.7  59.0   1:52pm  35.2   4:23am   18    0  0.30   4  22   7:43pm ENE 30.18   63
9    48.3  48.3  12:00am  48.2  12:03am    0    0  0.00   5   8  12:00am WSW 29.86   90
10   39.0  48.3  12:00am  33.2   6:58pm   26    0  0.12   6  22   1:08pm   W 29.94   89
11   39.8  49.1   5:05pm  33.6   7:18am   25    0  0.06   8  23   4:32pm WSW 30.08   67
12   53.6  68.1   4:05pm  36.8   3:11am   12    0  0.00   9  30   4:47pm  SW 29.97   43
13   46.7  55.4   4:25pm  36.2   8:15am   18    0  0.00   5  14   3:23pm   N 30.21   59
14   46.7  55.8  12:22pm  42.5  12:00am   17    0  0.30   7  21   7:51pm  SW 30.05   84
15   46.6  55.8  12:22pm  42.5  12:00am   18    0  0.30   7  21   7:51pm  SW 30.06   84
16   46.5  57.5   5:46pm  41.1   8:30am   18    0  0.01   6  18   3:37am  SW 30.20   76
17   57.1  74.5   4:57pm  38.8   5:26am   10    2  0.00   6  24   5:21pm SSW 30.13   63
18   64.0  76.1   2:53pm  48.0  10:56pm    3    2  0.13   7  28   6:04pm  SW 30.07   63
19   50.7  60.6   4:45pm  42.0   6:50am   13    0  0.01   6  15   2:45pm  NE 30.35   64
20   57.1  76.7   5:51pm  44.8   3:51am    9    2  0.00   5  21   5:38am ENE 30.25   52
21   69.8  78.7   5:22pm  62.1   8:00am    0    5  0.00  10  26   1:20pm  SW 30.04   62
22   66.7  78.1   4:43pm  52.9   7:47am    3    4  0.00   5  24   5:33pm SSW 29.88   61
23   67.3  76.1   2:46pm  56.8  11:58pm    1    3  0.10  11  32  10:56pm  SW 29.55   56
24   41.7  56.7  12:00am  36.8  11:20pm   23    0  0.03   6  27  12:26am  NW 29.93   74
25   38.0  40.3   5:20pm  35.7   6:40am   27    0  0.00   3   9  11:57am   N 30.09   72
26   38.4  43.8   3:32pm  30.9  11:59pm   16    0  0.04   8  21  10:28am  NE 29.95   69
27   36.6  47.0   4:50pm  29.3   8:48am   28    0  0.00   7  19   2:28am  NE 30.04   60
28   35.5  46.1   2:03pm  31.2   7:54am   17    0  0.00   7  17   2:35am  NE 30.13   47
---------------------------------------------------------------------------------------
TOT  48.2  78.7  3/21/11  27.0   3/2/11  433   20  4.31   6  31  3/23/11  SW 30.10   66

HEAT BASE: 65.0
COOL BASE: 65.0