NOAA-Style Climate Reports

Select a Year or Month report
2014: Jan Feb Mar Apr May Jun Jul Aug Sep Oct Nov Dec
2013: Jan Feb Mar Apr May Jun Jul Aug Sep Oct Nov Dec
2012: Jan Feb Mar Apr May Jun Jul Aug Sep Oct Nov Dec
2011: Jan Feb Mar Apr May Jun Jul Aug Sep Oct Nov Dec
2010: Jan Feb Mar Apr May Jun Jul Aug Sep Oct Nov Dec

Report for 2011 January
                  MONTHLY CLIMATOLOGICAL SUMMARY FOR 1/2011
                                        HEAT  COOL        
     MEAN                               DEG   DEG       WIND SPEED       DOM MEAN  MEAN
DAY  TEMP  HIGH   TIME     LOW   TIME   DAYS  DAYS RAIN AVG  HI  TIME    DIR BAROM HUM
---------------------------------------------------------------------------------------
1    48.4  58.8  12:17am  29.2  11:58pm   17    0  0.49   6  22  11:11am   W 29.94   78
2    26.1  33.7   3:42pm  18.8   8:06am   39    0  0.00   4  18   2:32pm  SW 30.27   65
3    27.9  42.1   3:12pm  14.5   5:27am   36    0  0.00   4  15   2:23pm SSW 30.25   65
4    22.5  27.3  12:00am  19.3   3:16am    6    0  0.00   2   4  12:41am  SW 30.08   73
5    26.1  38.7   4:14pm  16.4   6:24am   39    0  0.00   2   8  11:04am  SE 29.97   69
6    30.7  41.6   2:34pm  21.9   2:07am   34    0  0.00   6  25   5:20pm   S 29.71   68
7    30.3  33.3   3:10pm  27.7   8:19am   35    0  0.00   6  22   9:12pm WSW 29.48   77
8     8.1  11.2  12:00am   5.4   6:01am   19    0  0.00   3   9   8:56am   W 30.21   83
9    17.0  27.7   2:35pm   5.4   6:01am   41    0  0.00   4  11  11:25pm   W 30.30   77
10   26.4  29.8   4:42pm  23.0  12:00am   39    0  0.00   7  21   9:15am  NE 32.37   63
11   27.3  32.0   1:25pm  22.4  11:48pm   37    0  0.00   7  25   7:49pm ENE 30.08   80
12   21.5  23.7   2:47pm  19.8   5:15am   43    0  0.00   9  24  12:10am WSW 30.33   78
13   22.0  26.1   1:33pm  18.8   7:23am   43    0  0.00   5  16   1:05am  SW 30.52   77
14   27.7  35.7   4:05pm  20.3   6:26am   37    0  0.00   5  14  11:24am SSW 30.36   67
15   36.0  43.2   4:25pm  30.5   2:13am   29    0  0.00   8  21  11:50am  SW 30.11   64
16   29.7  33.1   3:11pm  26.9   7:43am   35    0  0.00   5  13   1:24am  NE 30.17   73
17   32.9  41.4  11:58pm  21.3   6:50am   32    0  0.03   3  10   8:41am   E 29.97   82
18   42.5  45.6   4:19pm  38.3  11:48pm   22    0  0.42   4  15  11:11pm  SW 29.75   90
19   33.9  38.3  12:00am  31.2  11:01pm   31    0  0.00   5  14   2:25am   W 30.00   87
20   29.4  32.5  12:31pm  22.0  11:59pm   35    0  0.00   4  16  11:49pm   W 30.00   90
21   14.4  22.1  12:00am   3.7  11:45pm   50    0  0.00   5  19  12:45am   W 30.08   74
22   14.1  28.8   3:57pm  -2.1   7:51am   50    0  0.00   4  14   2:50pm  SW 30.03   69
23   23.5  26.9   2:57pm  20.6   8:14am   41    0  0.00   4  12   8:28am ENE 30.20   69
24   31.9  41.0   1:29pm  19.9   1:25am   33    0  0.09   4  17   3:19pm ENE 30.14   79
25   38.0  42.0   1:34pm  34.3  11:57pm   26    0  0.15   4  13   6:56pm  NE 30.04   88
26   30.3  34.3  12:00am  28.1   4:27pm   34    0  0.12   6  19   7:40am  NW 29.91   88
27   30.4  33.2  11:43pm  27.8   7:10am   34    0  0.00   6  18  11:20am  SW 29.95   83
28   33.0  37.5   4:39pm  29.0   9:28pm   31    0  0.04   4  15   5:11am WNW 29.88   84
29   39.7  54.7   4:22pm  29.1   2:23am   25    0  0.01   6  20  10:28am  SW 29.91   74
30   36.1  48.1   2:34pm  29.5   5:03am   29    0  0.00   6  17   7:27pm  NE 30.10   74
31   31.2  34.3   1:46pm  28.4   7:53am   33    0  0.02   6  17   8:54am  NE 30.15   81
---------------------------------------------------------------------------------------
TOT  29.5  58.8   1/1/11  -2.1  1/22/11 1034    0  1.37   5  25  1/11/11  SW 30.12   75

HEAT BASE: 65.0
COOL BASE: 65.0