Frankfort Weather Experimental WeatherCam Time Lapse:
HV1 Test Time Lapse      HV2 Test Time Lapse      HV3 Test Time Lapse      LG4 Test Time Lapse     
LG5 Test Time Lapse      LG1 Test Time Lapse      LG2 Test Time Lapse      LG3 Test Time Lapse     

NOAA-Style Climate Reports

Select a Year or Month report
2015: Jan Feb Mar Apr May Jun Jul Aug Sep Oct Nov Dec
2014: Jan Feb Mar Apr May Jun Jul Aug Sep Oct Nov Dec
2013: Jan Feb Mar Apr May Jun Jul Aug Sep Oct Nov Dec
2012: Jan Feb Mar Apr May Jun Jul Aug Sep Oct Nov Dec
2011: Jan Feb Mar Apr May Jun Jul Aug Sep Oct Nov Dec
2010: Jan Feb Mar Apr May Jun Jul Aug Sep Oct Nov Dec

Report for 2010 December
                  MONTHLY CLIMATOLOGICAL SUMMARY FOR 12/2010
                                        HEAT  COOL        
     MEAN                               DEG   DEG       WIND SPEED       DOM MEAN  MEAN
DAY  TEMP  HIGH   TIME     LOW   TIME   DAYS  DAYS RAIN AVG  HI  TIME    DIR BAROM HUM
---------------------------------------------------------------------------------------
1    31.4  34.0  12:41pm  28.5  11:58pm   34    0  0.00   8  24  12:14pm WSW 30.08   74
2    29.7  34.7   1:04pm  24.9   4:08am   34    0  0.00   4  17   1:08pm  SW 30.27   82
3    32.0  38.4   2:09pm  25.6   7:33am   33    0  0.01   2  12  12:44pm ENE 30.21   85
4    31.5  33.1   1:50pm  28.9  11:33pm   33    0  0.00   3  14   9:46pm ENE 30.04   90
5    28.3  31.6  10:18am  23.5  11:10pm   37    0  0.00   5  22   9:21pm WNW 30.26   83
6    19.3  23.5  12:00am  15.9  10:10am   45    0  0.00   6  23   9:24pm   W 30.24   74
7    19.7  26.9   3:14pm  14.4   7:38am   45    0  0.00   5  16   9:28am   W 30.21   71
8    16.8  27.8   3:02pm   6.3   7:28am   47    0  0.00   2  15  12:58pm SSW 30.32   75
9    22.1  34.4   2:15pm   6.4   6:41am   43    0  0.00   2  10  11:49am ESE 30.34   73
10   39.5  49.1   3:13pm  31.2  11:40pm   25    0  0.00   5  18  10:26am SSW 30.16   59
11   40.1  50.1   1:30pm  30.6   4:58am   25    0  0.23   3  17  10:45pm   E 29.93   75
12   27.8  42.3  12:00am  21.8   7:29pm   37    0  0.16   7  22   5:38am WSW 29.59   85
13   20.1  25.0  12:00am  17.4  10:47pm   45    0  0.00   7  25   3:12pm   W 29.97   78
14   14.1  23.3   3:12pm   5.8   7:51am   51    0  0.00   4  16  12:37am  SW 30.24   78
15   15.6  26.3   3:08pm  -0.3   7:54am   49    0  0.00   2  11  11:31pm ENE 30.16   77
16   27.9  30.7   7:54am  23.6  12:00am   37    0  0.00   3  14  12:34am ENE 29.78   91
17   27.0  28.3   2:48am  25.0   9:05pm   38    0  0.00   3  11  11:05am   W 30.11   86
18   26.2  28.7  12:03pm  24.0   4:48am   38    0  0.00   2   8   3:35pm  NW 30.12   82
19   26.3  31.8   1:14pm  18.3   8:16am   38    0  0.00   2   8  10:41am  SW 30.11   81
20   31.0  36.8   1:17pm  26.4   7:26am   34    0  0.06   2   9  10:32pm ENE 30.13   84
21   33.8  36.4   1:38pm  32.0   1:02am   31    0  0.25   4  10  12:35pm ENE 36.30   91
22   31.6  36.5  11:38am  27.1   4:20pm   33    0  0.11   5  21  12:43pm WNW 30.14   85
23   30.3  35.0   3:01pm  25.3   6:42am   35    0  0.01   4  13   2:11pm WNW 30.39   79
24   30.7  32.7   2:22pm  28.1  11:38pm   34    0  0.00   4  12  11:55am ENE 30.28   75
25   27.7  30.0  12:53pm  25.7  11:53pm   37    0  0.00   5  16   3:05pm   N 30.09   84
26   25.9  29.5   3:46pm  23.2   7:58am   39    0  0.00   7  20   6:57pm  NW 30.07   82
27   24.8  28.8   3:07pm  17.1   7:17am   40    0  0.00   6  17   9:39am   W 30.25   75
28   25.7  36.7   3:13pm  12.2   7:59am   39    0  0.00   4  15   2:20pm  SW 30.25   76
29   34.9  38.9  11:18pm  27.3   7:41am   30    0  0.05   3  12   4:10pm  SE 30.08   75
30   46.5  57.4   4:09pm  38.5   1:28am   18    0  0.38   5  18   1:42pm SSE 29.96   74
31   56.3  66.4   2:51pm  48.5   2:20am    9    0  0.00   6  22  12:19pm SSE 29.95   67
---------------------------------------------------------------------------------------
TOT  28.9  66.4 12/31/10  -0.3 12/15/10 1114    0  1.26   4  24  12/1/10  SW 30.32   79

HEAT BASE: 65.0
COOL BASE: 65.0